633 (base 7) to base 6
44245
Convert 966 (base 11) to base 8.
2211
What is 2110112120 (base 3) in base 6?
1012323
Convert -61 (base 12) to base 13.
-58
Convert -47 (base 8) to base 2.
-100111
7030 (base 12) to base 14
45c8
Convert -22202 (base 4) to base 14.
-362
What is -10300 (base 7) in base 8?
-4764
Convert -112022110 (base 3) to base 15.
-3159
What is -2a48 (base 13) in base 2?
-1100000000000
What is -b3b0 (base 14) in base 13?
-110cc
What is -10607 (base 11) in base 6?
-155102
Convert 2133 (base 5) to base 13.
197
What is -3148 (base 12) in base 16?
-1508
1368 (base 12) to base 6
14212
11111112 (base 3) to base 11
2513
Convert -32 (base 11) to base 10.
-35
35518 (base 9) to base 2
101110011000110
Convert -33033 (base 4) to base 15.
-450
What is -288 (base 15) in base 8?
-1102
-76a (base 11) to base 4
-32123
-918 (base 12) to base 16
-524
Convert -342 (base 10) to base 6.
-1330
Convert -200441 (base 5) to base 10.
-6371
-37288 (base 10) to base 9
-56131
101424 (base 7) to base 4
10033110
What is -c9 (base 13) in base 11?
-140
-aa8 (base 15) to base 4
-211220
Convert -1310 (base 6) to base 7.
-651
Convert d89 (base 16) to base 9.
4670
What is 38 (base 12) in base 5?
134
-291 (base 13) to base 2
-111001000
Convert -13424 (base 5) to base 8.
-2132
323 (base 11) to base 10
388
Convert -1178 (base 15) to base 11.
-2876
Convert 101010001010 (base 2) to base 6.
20254
What is -426 (base 7) in base 14?
-116
-458 (base 10) to base 2
-111001010
-152454 (base 6) to base 9
-22347
Convert 13402 (base 5) to base 7.
3133
What is 101101110010100 (base 2) in base 15?
6e2e
What is -67 (base 10) in base 13?
-52
9321 (base 10) to base 8
22151
Convert -1135 (base 10) to base 9.
-1501
Convert -630 (base 10) to base 9.
-770
What is 4aa7 (base 15) in base 2?
11111000100011
2b6 (base 15) to base 13
38a
What is -3223002 (base 4) in base 9?
-22563
-41230 (base 6) to base 14
-2002
What is dd2 (base 15) in base 3?
11021122
Convert -10020 (base 5) to base 14.
-335
What is -44042 (base 5) in base 8?
-5716
What is -2033 (base 11) in base 12?
-168a
Convert 66516 (base 9) to base 5.
2403120
What is a226 (base 16) in base 5?
2312020
-110130321 (base 4) to base 13
-2c18a
Convert 371 (base 9) to base 16.
133
1002120 (base 3) to base 16
31e
Convert 8517 (base 9) to base 14.
23c9
-c020 (base 13) to base 8
-63426
What is 1271 (base 8) in base 4?
22321
What is -1424 (base 7) in base 8?
-1055
What is -2303 (base 11) in base 10?
-3028
What is -1011100 (base 2) in base 5?
-332
What is 141434 (base 5) in base 2?
1011011101101
100011100000 (base 2) to base 5
33042
Convert -23441 (base 6) to base 14.
-1357
What is 4225 (base 7) in base 6?
10521
88 (base 11) to base 5
341
Convert -738 (base 12) to base 11.
-877
What is 2435 (base 8) in base 9?
1714
Convert 110115 (base 6) to base 7.
35405
Convert 64 (base 14) to base 6.
224
What is -466 (base 12) in base 11?
-545
What is -101213 (base 4) in base 13?
-689
Convert 265 (base 15) to base 3.
202012
Convert 386 (base 11) to base 14.
249
Convert 87a (base 11) to base 15.
4a5
-1041 (base 16) to base 8
-10101
What is e58 (base 16) in base 11?
2839
-12111 (base 3) to base 6
-404
33d5 (base 16) to base 5
411034
What is 210111002 (base 3) in base 12?
9092
Convert 1110 (base 6) to base 2.
100000010
What is 394 (base 13) in base 12?
444
Convert -5054 (base 7) to base 13.
-a4c
Convert -1010221 (base 3) to base 14.
-439
34125 (base 8) to base 5
430141
Convert 4234 (base 5) to base 6.
2345
What is -201122 (base 3) in base 16?
-212
What is 5ba (base 14) in base 8?
2170
23410 (base 5) to base 6
12002
What is 45410 (base 6) in base 12?
3866
Convert -784 (base 13) to base 14.
-683
1819 (base 13) to base 9
4807
What is -410214 (base 5) in base 3?
-200002022
Convert 1829 (base 12) to base 7.
11331
What is -a64 (base 14) in base 3?
-2210212
Convert 15028 (base 14) to base 2.
1100101111001100
1a48c (base 13) to base 16
c87b
5142 (base 9) to base 10
3764
What is -475 (base 8) in base 14?
-189
What is 34211 (base 12) in base 9?
115204
What is -1020255 (base 6) in base 12?
-2468b
-34441 (base 5) to base 10
-2496
32330 (base 4) to base 8
1674
1bff (base 16) to base 14
287d
13041 (base 6) to base 15
8b4
2ad5 (base 15) to base 4
2033300
What is 3023301 (base 4) in base 7?
53010
-32042 (base 5) to base 11
-1682
-201212 (base 3) to base 4
-20120
What is 1396 (base 10) in base 7?
4033
Convert 1211002 (base 3) to base 4.
110231
-11000111000110 (base 2) to base 7
-52102
What is 210c (base 14) in base 12?
3368
What is 35892 (base 10) in base 12?
18930
-135 (base 11) to base 16
-9f
2a0 (base 16) to base 11
561
-497a (base 13) to base 9
-15246
Convert -12321022 (base 4) to base 9.
-42651
42b (base 13) to base 10
713
940a (base 15) to base 12
16131
-10a2 (base 13) to base 4
-210121
-12141 (base 8) to base 5
-131332
-1664 (base 16) to base 13
-27bc
What is 1001212020 (base 3) in base 6?
241223
What is 1477 (base 12) in base 11?
1888
What is 40420 (base 7) in base 4?
2121112
What is -41a (base 13) in base 5?
-10244
3002 (base 8) to base 11
1179
What is 2243 (base 6) in base 4?
20103
-26257 (base 8) to base 2
-10110010101111
1101100100101 (base 2) to base 14
2765
-8354 (base 9) to base 3
-22101211
1614 (base 9) to base 13
736
6026 (base 8) to base 11
2363
Convert 17d (base 15) to base 11.
292
Convert -11203 (base 8) to base 13.
-2207
Convert -364 (base 12) to base 16.
-1fc
Convert -2a (base 11) to base 13.
-26
What is 18993 (base 14) in base 9?
104358
What is -202000 (base 3) in base 5?
-4130
9174 (base 14) to base 3
1021021201
Convert 70 (base 14) to base 8.
142
Convert -2841 (base 9) to base 4.
-201133
What is -1100000000100111 (base 2) in base 3?
-2111110220
What is 6321 (base 7) in base 4?
202230
What is 100321002 (base 4) in base 3?
10111220110
What is -7b (base 13) in base 7?
-204
Convert -8108 (base 13) to base 11.
-1237a
Convert -74b (base 16) to base 5.
-24432
-4a7 (base 14) to base 2
-1110100011
Convert -e26 (base 16) to base 2.
-111000100110
What is -17da (base 16) in base 5?
-143411
Convert 1331a (base 14) to base 9.
71741
What is -3073 (base 8) in base 9?
-2162
Convert -26958 (base 10) to base 7.
-141411
-981c (base 16) to base 4
-21200130
What is -1669 (base 14) in base 8?
-7655
-120252 (base 6) to base 10
-10472
Convert -1403 (base 12) to base 15.
-a3c
-1442 (base 10) to base 12
-a02
What is -19452 (base 10) in base 12?
-b310
What is -101001 (base 3) in base 9?
-331
Convert -1188 (base 9) to base 6.
-4042
-1b31 (base 16) to base 3
-100112211
Convert -732 (base 8) to base 14.
-25c
What is 9 (base 15) in base 4?
21
What is 7a46 (base 12) in base 4?
3110112
What is 14c (base 13) in base 16?
e9
-22554 (base 6) to base 12
-1a5a
Convert -3782 (base 9) to base 2.
-101100001100
What is -4822 (base 11) in base 6?
-45124
-185 (base 11) to base 9
-257
7a3d (base 15) to base 14
9645
-100100010111 (base 2) to base 11
-1826
1a89b (base 14) to base 16
107e9
Convert 119c (base 14) to base 2.
110000000110
-1411233 (base 5) to base 3
-1110200222
What is -1010101100011101 (base 2) in base 7?
-241466
365 (base 14) to base 3
221002
Convert -1330020 (base 4) to base 7.
-32106
What is -150303 (base 6) in base 15?
-43cc
What is 2dc (base 14) in base 10?
586
What is -bafa (base 16) in base 14?
-13630
Convert -3014430 (base 5) to base 2.
-1011101111110011
2706 (base 8) to base 13
899
-8d7b (base 14) to base 13
-b280
What is -8c8 (base 13) in base 8?
-2754
Convert -33364 (base 9) to base 3.
-1010102011
-10111100 (base 2) to base 12
-138
What is 1455 (base 6) in base 3?
112122
What is 42 (base 14) in base 6?
134
Convert -111000111000 (base 2) to base 5.
-104030
Convert -11010111000101 (base 2) to base 9.
-20784
Convert 8899 (base 16) to base 15.
a564
Convert 4224 (base 5) to base 9.
686
2001011 (base 3) to base 10
1489
Convert -53998 (base 10) to base 3.
-2202001221
Convert -11223 (base 4) to base 15.
-193
7bb (base 12) to base 15
51b
What is -861 (base 15) in base 7?
-5341
Convert -654 (base 7) to base 11.
-283
28d2 (base 15) to base 4
2020223
-5202 (base 12) to base 5
-241210
Convert -36 (base 10) to base 12.
-30
Convert 112111111 (base 3) to base 4.
2211022
What is 1022232 (base 4) in base 2?
1001010101110
What is 1d1 (base 14) in base 11?
315
Convert -111100101111000 (base 2) to bas